at is the units digit of 714508?
8
What is the thousands digit of 3377155?
7
What is the ten thousands digit of 437010?
3
What is the ten thousands digit of 7589490?
8
What is the units digit of 5141782?
2
What is the millions digit of 15256011?
5
What is the thousands digit of 3981747?
1
What is the tens digit of 17929859?
5
What is the thousands digit of 450881?
0
What is the tens digit of 470125?
2
What is the ten thousands digit of 15162606?
6
What is the tens digit of 355959?
5
What is the hundreds digit of 53238?
2
What is the ten thousands digit of 14021823?
2
What is the tens digit of 1159013?
1
What is the thousands digit of 2836178?
6
What is the hundred thousands digit of 1555650?
5
What is the ten thousands digit of 2394196?
9
What is the ten thousands digit of 2002561?
0
What is the millions digit of 6101024?
6
What is the tens digit of 959059?
5
What is the hundreds digit of 294776?
7
What is the units digit of 4009912?
2
What is the hundred thousands digit of 3203822?
2
What is the hundreds digit of 306691?
6
What is the ten thousands digit of 1857860?
5
What is the thousands digit of 659297?
9
What is the ten thousands digit of 1238717?
3
What is the millions digit of 6230604?
6
What is the hundreds digit of 6998995?
9
What is the tens digit of 16406002?
0
What is the hundreds digit of 126119?
1
What is the tens digit of 1797418?
1
What is the hundreds digit of 183039?
0
What is the hundred thousands digit of 298386?
2
What is the millions digit of 5747840?
5
What is the units digit of 5392977?
7
What is the thousands digit of 6543009?
3
What is the thousands digit of 1776680?
6
What is the millions digit of 25547248?
5
What is the thousands digit of 6465431?
5
What is the hundred thousands digit of 478192?
4
What is the ten millions digit of 16997648?
1
What is the hundreds digit of 111695?
6
What is the units digit of 7065065?
5
What is the units digit of 248450?
0
What is the thousands digit of 829477?
9
What is the thousands digit of 731024?
1
What is the hundreds digit of 425527?
5
What is the hundreds digit of 1112414?
4
What is the thousands digit of 23225503?
5
What is the hundred thousands digit of 120189?
1
What is the hundreds digit of 24269290?
2
What is the tens digit of 1679056?
5
What is the millions digit of 6163470?
6
What is the hundred thousands digit of 884865?
8
What is the thousands digit of 1093895?
3
What is the tens digit of 239133?
3
What is the hundred thousands digit of 1564629?
5
What is the thousands digit of 567604?
7
What is the hundred thousands digit of 125166?
1
What is the hundred thousands digit of 288883?
2
What is the units digit of 16596332?
2
What is the thousands digit of 5815953?
5
What is the hundreds digit of 236067?
0
What is the tens digit of 430026?
2
What is the tens digit of 3343?
4
What is the hundred thousands digit of 102324?
1
What is the ten thousands digit of 653352?
5
What is the ten thousands digit of 102090?
0
What is the units digit of 24688?
8
What is the ten thousands digit of 2355820?
5
What is the thousands digit of 1834834?
4
What is the tens digit of 17245?
4
What is the hundred thousands digit of 3797400?
7
What is the hundred thousands digit of 466786?
4
What is the ten thousands digit of 2975430?
7
What is the ten thousands digit of 9118621?
1
What is the units digit of 87601?
1
What is the hundred thousands digit of 519484?
5
What is the hundreds digit of 167101?
1
What is the thousands digit of 1948560?
8
What is the hundreds digit of 214532?
5
What is the hundred thousands digit of 1953432?
9
What is the ten thousands digit of 6420276?
2
What is the thousands digit of 232524?
2
What is the ten thousands digit of 10952272?
5
What is the units digit of 495696?
6
What is the tens digit of 12126202?
0
What is the ten thousands digit of 23132?
2
What is the thousands digit of 181067?
1
What is the thousands digit of 595297?
5
What is the ten thousands digit of 5371092?
7
What is the hundreds digit of 2733419?
4
What is the thousands digit of 1333357?
3
What is the units digit of 2112297?
7
What is the hundreds digit of 515926?
9
What is the hundreds digit of 519722?
7
What is the hundreds digit of 167216?
2
What is the units digit of 592332?
2
What is the tens digit of 1440560?
6
What is the units digit of 144571?
1
What is the hundreds digit of 320953?
9
What is the thousands digit of 186430?
6
What is the millions digit of 21570128?
1
What is the units digit of 96011?
1
What is the units digit of 66526?
6
What is the hundred thousands digit of 333056?
3
What is the ten thousands digit of 117335?
1
What is the ten thousands digit of 309775?
0
What is the tens digit of 2050745?
4
What is the ten thousands digit of 971617?
7
What is the hundreds digit of 8899190?
1
What is the hundreds digit of 371684?
6
What is the hundreds digit of 57850?
8
What is the hundred thousands digit of 140606?
1
What is the thousands digit of 66248?
6
What is the hundred thousands digit of 16346752?
3
What is the millions digit of 3592788?
3
What is the units digit of 483152?
2
What is the thousands digit of 716203?
6
What is the thousands digit of 2857601?
7
What is the tens digit of 538020?
2
What is the hundred thousands digit of 3340780?
3
What is the thousands digit of 338281?
8
What is the hundreds digit of 340453?
4
What is the ten thousands digit of 6578278?
7
What is the tens digit of 186150?
5
What is the units digit of 181784?
4
What is the hundred thousands digit of 220500?
2
What is the units digit of 239691?
1
What is the ten millions digit of 28598266?
2
What is the hundreds digit of 62055?
0
What is the hundred thousands digit of 194997?
1
What is the ten thousands digit of 742757?
4
What is the ten thousands digit of 2091265?
9
What is the millions digit of 1086919?
1
What is the ten millions digit of 11508742?
1
What is the hundred thousands digit of 517146?
5
What is the hundreds digit of 6226237?
2
What is the units digit of 5842515?
5
What is the ten thousands digit of 3761667?
6
What is the millions digit of 31595724?
1
What is the hundreds digit of 865514?
5
What is the units digit of 339051?
1
What is the tens digit of 319296?
9
What is the hundreds digit of 4006187?
1
What is the units digit of 1250510?
0
What is the hundreds digit of 2947421?
4
What is the hundred thousands digit of 6817115?
8
What is the units digit of 631078?
8
What is the hundreds digit of 5018856?
8
What is the tens digit of 1182601?
0
What is the thousands digit of 4684229?
4
What is the tens digit of 56548?
4
What is the tens digit of 732260?
6
What is the ten thousands digit of 71990?
7
What is the hundreds digit of 1028113?
1
What is the ten thousands digit of 369070?
6
What is the ten thousands digit of 86760?
8
What is the ten thousands digit of 546646?
4
What is the hundreds digit of 146332?
3
What is the units digit of 2993794?
4
What is the hundreds digit of 997789?
7
What is the ten thousands digit of 2194491?
9
What is the ten thousands digit of 9938945?
3
What is the tens digit of 3082546?
4
What is the ten thousands digit of 317423?
1
What is the thousands digit of 1162542?
2
What is the ten millions digit of 10881325?
1
What is the ten thousands digit of 93770?
9
What is the thousands digit of 238241?
8
What is the hundreds digit of 459815?
8
What is the tens digit of 4492312?
1
What is the ten millions digit of 25089629?
2
What is the hundred thousands digit of 440248?
4
What is the units digit of 208054?
4
What is the hundred thousands digit of 1091636?
0
What is the units digit of 245617?
7
What is the hundred thousands digit of 3503792?
5
What is the thousands digit of 27427?
7
What is the thousands digit of 15028110?
8
What is the units digit of 1178785?
5
What is the ten thousands digit of 355007?
5
What is the tens digit of 155727?
2
What is the units digit of 9723933?
3
What is the hundreds digit of 635644?
6
What is the hundreds digit of 1230913?
9
What is the units digit of 34638792?
2
What is the thousands digit of 182274?
2
What is the hundreds digit of 336096?
0
What is the tens digit of 4745329?
2
What is the hundreds digit of 278822?
8
What is the hundred thousands digit of 1225488?
2
What is the hundred thousands digit of 204641?
2
What is the thousands 